{"id":10,"date":"2020-02-05T22:14:50","date_gmt":"2020-02-05T22:14:50","guid":{"rendered":"https:\/\/www.dev6-artgrafik.com\/?page_id=10"},"modified":"2026-01-16T14:06:44","modified_gmt":"2026-01-16T14:06:44","slug":"qui-sommes-nous","status":"publish","type":"page","link":"https:\/\/www.huitres-tortillon-latremblade.fr\/index.php\/qui-sommes-nous\/","title":{"rendered":"Qui sommes nous ?"},"content":{"rendered":"\t\t<div data-elementor-type=\"wp-page\" data-elementor-id=\"10\" class=\"elementor elementor-10\" data-elementor-post-type=\"page\">\n\t\t\t\t\t\t<section class=\"elementor-section elementor-top-section elementor-element elementor-element-dafd5f9 elementor-section-boxed elementor-section-height-default elementor-section-height-default\" data-id=\"dafd5f9\" data-element_type=\"section\" data-e-type=\"section\">\n\t\t\t\t\t\t<div class=\"elementor-container elementor-column-gap-default\">\n\t\t\t\t\t<div class=\"elementor-column elementor-col-100 elementor-top-column elementor-element elementor-element-b502e6a\" data-id=\"b502e6a\" data-element_type=\"column\" data-e-type=\"column\">\n\t\t\t<div class=\"elementor-widget-wrap elementor-element-populated\">\n\t\t\t\t\t\t<div class=\"elementor-element elementor-element-b6fd45e elementor-view-default elementor-widget elementor-widget-icon\" data-id=\"b6fd45e\" data-element_type=\"widget\" data-e-type=\"widget\" data-widget_type=\"icon.default\">\n\t\t\t\t<div class=\"elementor-widget-container\">\n\t\t\t\t\t\t\t<div class=\"elementor-icon-wrapper\">\n\t\t\t<div class=\"elementor-icon\">\n\t\t\t<i aria-hidden=\"true\" class=\"fas fa-user-friends\"><\/i>\t\t\t<\/div>\n\t\t<\/div>\n\t\t\t\t\t\t<\/div>\n\t\t\t\t<\/div>\n\t\t\t\t<div class=\"elementor-element elementor-element-0fe77ec elementor-widget elementor-widget-heading\" data-id=\"0fe77ec\" data-element_type=\"widget\" data-e-type=\"widget\" data-widget_type=\"heading.default\">\n\t\t\t\t<div class=\"elementor-widget-container\">\n\t\t\t\t\t<h1 class=\"elementor-heading-title elementor-size-large\">Qui sommes-nous ?<\/h1>\t\t\t\t<\/div>\n\t\t\t\t<\/div>\n\t\t\t\t<div class=\"elementor-element elementor-element-789ff3b elementor-widget elementor-widget-heading\" data-id=\"789ff3b\" data-element_type=\"widget\" data-e-type=\"widget\" data-widget_type=\"heading.default\">\n\t\t\t\t<div class=\"elementor-widget-container\">\n\t\t\t\t\t<h2 class=\"elementor-heading-title elementor-size-medium\">Carole Guillaud et Wilfried Tortillon - Ostr\u00e9iculteurs depuis 2003<\/h2>\t\t\t\t<\/div>\n\t\t\t\t<\/div>\n\t\t\t\t<div class=\"elementor-element elementor-element-5622b07 elementor-widget elementor-widget-text-editor\" data-id=\"5622b07\" data-element_type=\"widget\" data-e-type=\"widget\" data-widget_type=\"text-editor.default\">\n\t\t\t\t<div class=\"elementor-widget-container\">\n\t\t\t\t\t\t\t\t\t<p>Nous avons commenc\u00e9 par l\u2019\u00e9levage des pousses en claires et l\u2019affinage des <a href=\"https:\/\/www.huitres-tortillon-latremblade.fr\/index.php\/les-huitres\/\"><strong>hu\u00eetres<\/strong><\/a> dans un marais familial situ\u00e9 \u00e0 Breuillet. L\u2019\u00e9levage de <a href=\"https:\/\/www.huitres-tortillon-latremblade.fr\/index.php\/les-gambas\/\"><strong>crevettes imp\u00e9riales (gambas)<\/strong> <\/a>compl\u00e8te la production. Nos produits se retrouvent en premier lieu sur les march\u00e9s de la Vienne.<\/p><p>En 2006, nous faisons l\u2019acquisition d\u2019un chaland, bateau ostr\u00e9icole, qui nous permet l\u2019\u00e9levage des <strong><a href=\"https:\/\/www.huitres-tortillon-latremblade.fr\/index.php\/les-huitres\/\">hu\u00eetres<\/a><\/strong> en mer. Ainsi, nous \u00e9tendons notre aquaculture du naissain \u00e0 l\u2019\u00e2ge adulte pour conclure par l\u2019affinage.<\/p><p>Cette m\u00eame ann\u00e9e, nous investissons \u00e9galement dans une cabane sur la gr\u00e8ve de La Tremblade.<\/p><p>En 2012, s\u2019ajoute la production de <strong><a href=\"https:\/\/www.huitres-tortillon-latremblade.fr\/index.php\/les-palourdes\/\">palourdes<\/a><\/strong> en claires afin d\u2019utiliser l\u2019immense richesse des marais breuilletons. La cabane devient un bar \u00e0 hu\u00eetres permettant aussi bien la <strong><a href=\"https:\/\/www.huitres-tortillon-latremblade.fr\/index.php\/vente-en-direct\/\">vente directe<\/a><\/strong> que les <a href=\"https:\/\/www.dev6-artgrafik.com\/index.php\/degustation\/\"><strong>d\u00e9gustations<\/strong><\/a>.\u00a0<\/p>\t\t\t\t\t\t\t\t<\/div>\n\t\t\t\t<\/div>\n\t\t\t\t\t<\/div>\n\t\t<\/div>\n\t\t\t\t\t<\/div>\n\t\t<\/section>\n\t\t\t\t<section class=\"elementor-section elementor-top-section elementor-element elementor-element-dd2c1d1 elementor-section-boxed elementor-section-height-default elementor-section-height-default\" data-id=\"dd2c1d1\" data-element_type=\"section\" data-e-type=\"section\">\n\t\t\t\t\t\t<div class=\"elementor-container elementor-column-gap-no\">\n\t\t\t\t\t<div class=\"elementor-column elementor-col-100 elementor-top-column elementor-element elementor-element-d54c921\" data-id=\"d54c921\" data-element_type=\"column\" data-e-type=\"column\">\n\t\t\t<div class=\"elementor-widget-wrap elementor-element-populated\">\n\t\t\t\t\t\t<div class=\"elementor-element elementor-element-2e0bae4 elementor-widget elementor-widget-image\" data-id=\"2e0bae4\" data-element_type=\"widget\" data-e-type=\"widget\" data-widget_type=\"image.default\">\n\t\t\t\t<div class=\"elementor-widget-container\">\n\t\t\t\t\t\t\t\t\t\t\t\t\t\t\t<img fetchpriority=\"high\" decoding=\"async\" width=\"1357\" height=\"763\" src=\"https:\/\/www.huitres-tortillon-latremblade.fr\/wp-content\/uploads\/2020\/07\/huitres-tortillon-la-tremblade-cote-greve-2.png\" class=\"attachment-full size-full wp-image-490\" alt=\"\" srcset=\"https:\/\/www.huitres-tortillon-latremblade.fr\/wp-content\/uploads\/2020\/07\/huitres-tortillon-la-tremblade-cote-greve-2.png 1357w, https:\/\/www.huitres-tortillon-latremblade.fr\/wp-content\/uploads\/2020\/07\/huitres-tortillon-la-tremblade-cote-greve-2-300x169.png 300w, https:\/\/www.huitres-tortillon-latremblade.fr\/wp-content\/uploads\/2020\/07\/huitres-tortillon-la-tremblade-cote-greve-2-1024x576.png 1024w, https:\/\/www.huitres-tortillon-latremblade.fr\/wp-content\/uploads\/2020\/07\/huitres-tortillon-la-tremblade-cote-greve-2-768x432.png 768w\" sizes=\"100vw\" \/>\t\t\t\t\t\t\t\t\t\t\t\t\t\t\t<\/div>\n\t\t\t\t<\/div>\n\t\t\t\t\t<\/div>\n\t\t<\/div>\n\t\t\t\t\t<\/div>\n\t\t<\/section>\n\t\t\t\t<section class=\"elementor-section elementor-top-section elementor-element elementor-element-ad10b38 elementor-section-boxed elementor-section-height-default elementor-section-height-default\" data-id=\"ad10b38\" data-element_type=\"section\" data-e-type=\"section\" data-settings=\"{&quot;background_background&quot;:&quot;classic&quot;,&quot;shape_divider_top&quot;:&quot;waves&quot;}\">\n\t\t\t\t\t<div class=\"elementor-shape elementor-shape-top\" aria-hidden=\"true\" data-negative=\"false\">\n\t\t\t<svg xmlns=\"http:\/\/www.w3.org\/2000\/svg\" viewBox=\"0 0 1000 100\" preserveAspectRatio=\"none\">\n\t<path class=\"elementor-shape-fill\" d=\"M421.9,6.5c22.6-2.5,51.5,0.4,75.5,5.3c23.6,4.9,70.9,23.5,100.5,35.7c75.8,32.2,133.7,44.5,192.6,49.7\n\tc23.6,2.1,48.7,3.5,103.4-2.5c54.7-6,106.2-25.6,106.2-25.6V0H0v30.3c0,0,72,32.6,158.4,30.5c39.2-0.7,92.8-6.7,134-22.4\n\tc21.2-8.1,52.2-18.2,79.7-24.2C399.3,7.9,411.6,7.5,421.9,6.5z\"\/>\n<\/svg>\t\t<\/div>\n\t\t\t\t\t<div class=\"elementor-container elementor-column-gap-default\">\n\t\t\t\t\t<div class=\"elementor-column elementor-col-100 elementor-top-column elementor-element elementor-element-a3dce08\" data-id=\"a3dce08\" data-element_type=\"column\" data-e-type=\"column\">\n\t\t\t<div class=\"elementor-widget-wrap elementor-element-populated\">\n\t\t\t\t\t\t<div class=\"elementor-element elementor-element-db99e47 elementor-view-default elementor-widget elementor-widget-icon\" data-id=\"db99e47\" data-element_type=\"widget\" data-e-type=\"widget\" data-widget_type=\"icon.default\">\n\t\t\t\t<div class=\"elementor-widget-container\">\n\t\t\t\t\t\t\t<div class=\"elementor-icon-wrapper\">\n\t\t\t<div class=\"elementor-icon\">\n\t\t\t<i aria-hidden=\"true\" class=\"fas fa-map-marker-alt\"><\/i>\t\t\t<\/div>\n\t\t<\/div>\n\t\t\t\t\t\t<\/div>\n\t\t\t\t<\/div>\n\t\t\t\t<div class=\"elementor-element elementor-element-8de8383 elementor-widget elementor-widget-heading\" data-id=\"8de8383\" data-element_type=\"widget\" data-e-type=\"widget\" data-widget_type=\"heading.default\">\n\t\t\t\t<div class=\"elementor-widget-container\">\n\t\t\t\t\t<h2 class=\"elementor-heading-title elementor-size-large\">O\u00f9 sommes-nous ?<\/h2>\t\t\t\t<\/div>\n\t\t\t\t<\/div>\n\t\t\t\t<div class=\"elementor-element elementor-element-b5b3165 elementor-widget elementor-widget-heading\" data-id=\"b5b3165\" data-element_type=\"widget\" data-e-type=\"widget\" data-widget_type=\"heading.default\">\n\t\t\t\t<div class=\"elementor-widget-container\">\n\t\t\t\t\t<h3 class=\"elementor-heading-title elementor-size-small\">Boulevard Roger Leteli\u00e9  -  17390 LA TREMBADE<\/h3>\t\t\t\t<\/div>\n\t\t\t\t<\/div>\n\t\t\t\t<div class=\"elementor-element elementor-element-c9f91cc elementor-widget elementor-widget-text-editor\" data-id=\"c9f91cc\" data-element_type=\"widget\" data-e-type=\"widget\" data-widget_type=\"text-editor.default\">\n\t\t\t\t<div class=\"elementor-widget-container\">\n\t\t\t\t\t\t\t\t\t<p>Situ\u00e9e sur la magnifique gr\u00e8ve de La Tremblade, un des principaux ports ostr\u00e9icoles de France, notre cabane borde le long chenal que les bateaux empruntent pour regagner la Seudre.<\/p><p>Cette bourgade qui a su garder l\u2019authenticit\u00e9 des villages ostr\u00e9icoles compte parmi les plus beaux spots de la Charente-Maritime.<\/p><p>Vous y d\u00e9couvrirez les cabanes typiques aux couleurs vives si proches qu\u2019elles semblent offrir un \u00e9crin au canal.<br \/>Le paysage est un vrai paysage de carte postale changeant au rythme des mar\u00e9es.<\/p><p>Entrez en immersion dans ce d\u00e9cor lors de <span style=\"color: #ffffff;\"><a style=\"color: #ffffff;\" href=\"https:\/\/www.huitres-tortillon-latremblade.fr\/index.php\/visite-degustation\/\"><strong>visites organis\u00e9es.<\/strong><\/a><\/span><\/p>\t\t\t\t\t\t\t\t<\/div>\n\t\t\t\t<\/div>\n\t\t\t\t<div class=\"elementor-element elementor-element-23d8025 elementor-widget elementor-widget-google_maps\" data-id=\"23d8025\" data-element_type=\"widget\" data-e-type=\"widget\" data-widget_type=\"google_maps.default\">\n\t\t\t\t<div class=\"elementor-widget-container\">\n\t\t\t\t\t\t\t<div class=\"elementor-custom-embed\">\n\t\t\t<iframe loading=\"lazy\"\n\t\t\t\t\tsrc=\"https:\/\/maps.google.com\/maps?q=Boulevard%20Roger%20Leteli%C3%A9%20%20-%20%2017390%20LA%20TREMBADE&#038;t=m&#038;z=10&#038;output=embed&#038;iwloc=near\"\n\t\t\t\t\ttitle=\"Boulevard Roger Leteli\u00e9  -  17390 LA TREMBADE\"\n\t\t\t\t\taria-label=\"Boulevard Roger Leteli\u00e9  -  17390 LA TREMBADE\"\n\t\t\t><\/iframe>\n\t\t<\/div>\n\t\t\t\t\t\t<\/div>\n\t\t\t\t<\/div>\n\t\t\t\t\t<\/div>\n\t\t<\/div>\n\t\t\t\t\t<\/div>\n\t\t<\/section>\n\t\t\t\t<\/div>\n\t\t","protected":false},"excerpt":{"rendered":"<p>Qui sommes-nous ? Carole Guillaud et Wilfried Tortillon &#8211; Ostr\u00e9iculteurs depuis 2003 Nous avons commenc\u00e9 par l\u2019\u00e9levage des pousses en claires et l\u2019affinage des hu\u00eetres dans un marais familial situ\u00e9 \u00e0 Breuillet. L\u2019\u00e9levage de crevettes imp\u00e9riales (gambas) compl\u00e8te la production. Nos produits se retrouvent en premier lieu sur les march\u00e9s de la Vienne. En 2006, &hellip; <\/p>\n<p class=\"link-more\"><a href=\"https:\/\/www.huitres-tortillon-latremblade.fr\/index.php\/qui-sommes-nous\/\" class=\"more-link\">Continuer la lecture<span class=\"screen-reader-text\"> de &laquo;&nbsp;Qui sommes nous ?&nbsp;&raquo;<\/span><\/a><\/p>\n","protected":false},"author":1,"featured_media":0,"parent":0,"menu_order":1,"comment_status":"closed","ping_status":"closed","template":"elementor_header_footer","meta":{"footnotes":""},"class_list":["post-10","page","type-page","status-publish","hentry"],"yoast_head":"<!-- This site is optimized with the Yoast SEO plugin v27.3 - https:\/\/yoast.com\/product\/yoast-seo-wordpress\/ -->\n<title>Qui sommes nous ? - Hu\u00eetrerie Tortillon<\/title>\n<meta name=\"description\" content=\"Carole et Wilfried Tortillon - Ostr\u00e9iculteurs depuis 2003. Nous avons commenc\u00e9 par l\u2019\u00e9levage des pousses en claires et l\u2019affinage des hu\u00eetres...\" \/>\n<meta name=\"robots\" content=\"index, follow, max-snippet:-1, max-image-preview:large, max-video-preview:-1\" \/>\n<link rel=\"canonical\" href=\"https:\/\/www.huitres-tortillon-latremblade.fr\/index.php\/qui-sommes-nous\/\" \/>\n<meta property=\"og:locale\" content=\"fr_FR\" \/>\n<meta property=\"og:type\" content=\"article\" \/>\n<meta property=\"og:title\" content=\"Qui sommes nous ? - Hu\u00eetrerie Tortillon\" \/>\n<meta property=\"og:description\" content=\"Carole et Wilfried Tortillon - Ostr\u00e9iculteurs depuis 2003. Nous avons commenc\u00e9 par l\u2019\u00e9levage des pousses en claires et l\u2019affinage des hu\u00eetres...\" \/>\n<meta property=\"og:url\" content=\"https:\/\/www.huitres-tortillon-latremblade.fr\/index.php\/qui-sommes-nous\/\" \/>\n<meta property=\"og:site_name\" content=\"Hu\u00eetrerie Tortillon\" \/>\n<meta property=\"article:publisher\" content=\"https:\/\/www.facebook.com\/huitrestortillon\/\" \/>\n<meta property=\"article:modified_time\" content=\"2026-01-16T14:06:44+00:00\" \/>\n<meta property=\"og:image\" content=\"https:\/\/www.huitres-tortillon-latremblade.fr\/wp-content\/uploads\/2020\/07\/huitres-tortillon-la-tremblade-cote-greve-2.png\" \/>\n\t<meta property=\"og:image:width\" content=\"1357\" \/>\n\t<meta property=\"og:image:height\" content=\"763\" \/>\n\t<meta property=\"og:image:type\" content=\"image\/png\" \/>\n<meta name=\"twitter:card\" content=\"summary_large_image\" \/>\n<meta name=\"twitter:label1\" content=\"Dur\u00e9e de lecture estim\u00e9e\" \/>\n\t<meta name=\"twitter:data1\" content=\"2 minutes\" \/>\n<script type=\"application\/ld+json\" class=\"yoast-schema-graph\">{\"@context\":\"https:\\\/\\\/schema.org\",\"@graph\":[{\"@type\":\"WebPage\",\"@id\":\"https:\\\/\\\/www.huitres-tortillon-latremblade.fr\\\/index.php\\\/qui-sommes-nous\\\/\",\"url\":\"https:\\\/\\\/www.huitres-tortillon-latremblade.fr\\\/index.php\\\/qui-sommes-nous\\\/\",\"name\":\"Qui sommes nous ? - Hu\u00eetrerie Tortillon\",\"isPartOf\":{\"@id\":\"https:\\\/\\\/www.huitres-tortillon-latremblade.fr\\\/#website\"},\"primaryImageOfPage\":{\"@id\":\"https:\\\/\\\/www.huitres-tortillon-latremblade.fr\\\/index.php\\\/qui-sommes-nous\\\/#primaryimage\"},\"image\":{\"@id\":\"https:\\\/\\\/www.huitres-tortillon-latremblade.fr\\\/index.php\\\/qui-sommes-nous\\\/#primaryimage\"},\"thumbnailUrl\":\"https:\\\/\\\/www.huitres-tortillon-latremblade.fr\\\/wp-content\\\/uploads\\\/2020\\\/07\\\/huitres-tortillon-la-tremblade-cote-greve-2.png\",\"datePublished\":\"2020-02-05T22:14:50+00:00\",\"dateModified\":\"2026-01-16T14:06:44+00:00\",\"description\":\"Carole et Wilfried Tortillon - Ostr\u00e9iculteurs depuis 2003. Nous avons commenc\u00e9 par l\u2019\u00e9levage des pousses en claires et l\u2019affinage des hu\u00eetres...\",\"breadcrumb\":{\"@id\":\"https:\\\/\\\/www.huitres-tortillon-latremblade.fr\\\/index.php\\\/qui-sommes-nous\\\/#breadcrumb\"},\"inLanguage\":\"fr-FR\",\"potentialAction\":[{\"@type\":\"ReadAction\",\"target\":[\"https:\\\/\\\/www.huitres-tortillon-latremblade.fr\\\/index.php\\\/qui-sommes-nous\\\/\"]}]},{\"@type\":\"ImageObject\",\"inLanguage\":\"fr-FR\",\"@id\":\"https:\\\/\\\/www.huitres-tortillon-latremblade.fr\\\/index.php\\\/qui-sommes-nous\\\/#primaryimage\",\"url\":\"https:\\\/\\\/www.huitres-tortillon-latremblade.fr\\\/wp-content\\\/uploads\\\/2020\\\/07\\\/huitres-tortillon-la-tremblade-cote-greve-2.png\",\"contentUrl\":\"https:\\\/\\\/www.huitres-tortillon-latremblade.fr\\\/wp-content\\\/uploads\\\/2020\\\/07\\\/huitres-tortillon-la-tremblade-cote-greve-2.png\",\"width\":1357,\"height\":763},{\"@type\":\"BreadcrumbList\",\"@id\":\"https:\\\/\\\/www.huitres-tortillon-latremblade.fr\\\/index.php\\\/qui-sommes-nous\\\/#breadcrumb\",\"itemListElement\":[{\"@type\":\"ListItem\",\"position\":1,\"name\":\"Accueil\",\"item\":\"https:\\\/\\\/www.huitres-tortillon-latremblade.fr\\\/\"},{\"@type\":\"ListItem\",\"position\":2,\"name\":\"Qui sommes nous ?\"}]},{\"@type\":\"WebSite\",\"@id\":\"https:\\\/\\\/www.huitres-tortillon-latremblade.fr\\\/#website\",\"url\":\"https:\\\/\\\/www.huitres-tortillon-latremblade.fr\\\/\",\"name\":\"Hu\u00eetrerie Tortillon\",\"description\":\"Producteurs d&#039;hu\u00eetres, de palourdes et de crevettes imp\u00e9riales (Gambas)\",\"potentialAction\":[{\"@type\":\"SearchAction\",\"target\":{\"@type\":\"EntryPoint\",\"urlTemplate\":\"https:\\\/\\\/www.huitres-tortillon-latremblade.fr\\\/?s={search_term_string}\"},\"query-input\":{\"@type\":\"PropertyValueSpecification\",\"valueRequired\":true,\"valueName\":\"search_term_string\"}}],\"inLanguage\":\"fr-FR\"}]}<\/script>\n<!-- \/ Yoast SEO plugin. -->","yoast_head_json":{"title":"Qui sommes nous ? - Hu\u00eetrerie Tortillon","description":"Carole et Wilfried Tortillon - Ostr\u00e9iculteurs depuis 2003. Nous avons commenc\u00e9 par l\u2019\u00e9levage des pousses en claires et l\u2019affinage des hu\u00eetres...","robots":{"index":"index","follow":"follow","max-snippet":"max-snippet:-1","max-image-preview":"max-image-preview:large","max-video-preview":"max-video-preview:-1"},"canonical":"https:\/\/www.huitres-tortillon-latremblade.fr\/index.php\/qui-sommes-nous\/","og_locale":"fr_FR","og_type":"article","og_title":"Qui sommes nous ? - Hu\u00eetrerie Tortillon","og_description":"Carole et Wilfried Tortillon - Ostr\u00e9iculteurs depuis 2003. Nous avons commenc\u00e9 par l\u2019\u00e9levage des pousses en claires et l\u2019affinage des hu\u00eetres...","og_url":"https:\/\/www.huitres-tortillon-latremblade.fr\/index.php\/qui-sommes-nous\/","og_site_name":"Hu\u00eetrerie Tortillon","article_publisher":"https:\/\/www.facebook.com\/huitrestortillon\/","article_modified_time":"2026-01-16T14:06:44+00:00","og_image":[{"width":1357,"height":763,"url":"https:\/\/www.huitres-tortillon-latremblade.fr\/wp-content\/uploads\/2020\/07\/huitres-tortillon-la-tremblade-cote-greve-2.png","type":"image\/png"}],"twitter_card":"summary_large_image","twitter_misc":{"Dur\u00e9e de lecture estim\u00e9e":"2 minutes"},"schema":{"@context":"https:\/\/schema.org","@graph":[{"@type":"WebPage","@id":"https:\/\/www.huitres-tortillon-latremblade.fr\/index.php\/qui-sommes-nous\/","url":"https:\/\/www.huitres-tortillon-latremblade.fr\/index.php\/qui-sommes-nous\/","name":"Qui sommes nous ? - Hu\u00eetrerie Tortillon","isPartOf":{"@id":"https:\/\/www.huitres-tortillon-latremblade.fr\/#website"},"primaryImageOfPage":{"@id":"https:\/\/www.huitres-tortillon-latremblade.fr\/index.php\/qui-sommes-nous\/#primaryimage"},"image":{"@id":"https:\/\/www.huitres-tortillon-latremblade.fr\/index.php\/qui-sommes-nous\/#primaryimage"},"thumbnailUrl":"https:\/\/www.huitres-tortillon-latremblade.fr\/wp-content\/uploads\/2020\/07\/huitres-tortillon-la-tremblade-cote-greve-2.png","datePublished":"2020-02-05T22:14:50+00:00","dateModified":"2026-01-16T14:06:44+00:00","description":"Carole et Wilfried Tortillon - Ostr\u00e9iculteurs depuis 2003. Nous avons commenc\u00e9 par l\u2019\u00e9levage des pousses en claires et l\u2019affinage des hu\u00eetres...","breadcrumb":{"@id":"https:\/\/www.huitres-tortillon-latremblade.fr\/index.php\/qui-sommes-nous\/#breadcrumb"},"inLanguage":"fr-FR","potentialAction":[{"@type":"ReadAction","target":["https:\/\/www.huitres-tortillon-latremblade.fr\/index.php\/qui-sommes-nous\/"]}]},{"@type":"ImageObject","inLanguage":"fr-FR","@id":"https:\/\/www.huitres-tortillon-latremblade.fr\/index.php\/qui-sommes-nous\/#primaryimage","url":"https:\/\/www.huitres-tortillon-latremblade.fr\/wp-content\/uploads\/2020\/07\/huitres-tortillon-la-tremblade-cote-greve-2.png","contentUrl":"https:\/\/www.huitres-tortillon-latremblade.fr\/wp-content\/uploads\/2020\/07\/huitres-tortillon-la-tremblade-cote-greve-2.png","width":1357,"height":763},{"@type":"BreadcrumbList","@id":"https:\/\/www.huitres-tortillon-latremblade.fr\/index.php\/qui-sommes-nous\/#breadcrumb","itemListElement":[{"@type":"ListItem","position":1,"name":"Accueil","item":"https:\/\/www.huitres-tortillon-latremblade.fr\/"},{"@type":"ListItem","position":2,"name":"Qui sommes nous ?"}]},{"@type":"WebSite","@id":"https:\/\/www.huitres-tortillon-latremblade.fr\/#website","url":"https:\/\/www.huitres-tortillon-latremblade.fr\/","name":"Hu\u00eetrerie Tortillon","description":"Producteurs d&#039;hu\u00eetres, de palourdes et de crevettes imp\u00e9riales (Gambas)","potentialAction":[{"@type":"SearchAction","target":{"@type":"EntryPoint","urlTemplate":"https:\/\/www.huitres-tortillon-latremblade.fr\/?s={search_term_string}"},"query-input":{"@type":"PropertyValueSpecification","valueRequired":true,"valueName":"search_term_string"}}],"inLanguage":"fr-FR"}]}},"_links":{"self":[{"href":"https:\/\/www.huitres-tortillon-latremblade.fr\/index.php\/wp-json\/wp\/v2\/pages\/10","targetHints":{"allow":["GET"]}}],"collection":[{"href":"https:\/\/www.huitres-tortillon-latremblade.fr\/index.php\/wp-json\/wp\/v2\/pages"}],"about":[{"href":"https:\/\/www.huitres-tortillon-latremblade.fr\/index.php\/wp-json\/wp\/v2\/types\/page"}],"author":[{"embeddable":true,"href":"https:\/\/www.huitres-tortillon-latremblade.fr\/index.php\/wp-json\/wp\/v2\/users\/1"}],"replies":[{"embeddable":true,"href":"https:\/\/www.huitres-tortillon-latremblade.fr\/index.php\/wp-json\/wp\/v2\/comments?post=10"}],"version-history":[{"count":36,"href":"https:\/\/www.huitres-tortillon-latremblade.fr\/index.php\/wp-json\/wp\/v2\/pages\/10\/revisions"}],"predecessor-version":[{"id":636,"href":"https:\/\/www.huitres-tortillon-latremblade.fr\/index.php\/wp-json\/wp\/v2\/pages\/10\/revisions\/636"}],"wp:attachment":[{"href":"https:\/\/www.huitres-tortillon-latremblade.fr\/index.php\/wp-json\/wp\/v2\/media?parent=10"}],"curies":[{"name":"wp","href":"https:\/\/api.w.org\/{rel}","templated":true}]}}